inder when a is divided by 5.
1
Let h = -18 + 31. What is the remainder when h is divided by (2/(-4))/(1/(-14))?
6
Let b(f) = 4*f - 66. What is the remainder when (-4 - -1)/(6/(-56)) is divided by b(19)?
8
Let l(u) = -16*u + 22. Calculate the remainder when l(-5) is divided by 15.
12
Suppose 0 = -2*f + 3*f - 18. Calculate the remainder when (2/(-3))/(4/(-420)) is divided by f.
16
Let c = 227 + -166. What is the remainder when c is divided by 16?
13
Let o = -4 - -16. Let z(i) = -i**2 - 2*i + 3. Let c be z(-3). Suppose 0*w - w + 22 = c. Calculate the remainder when w is divided by o.
10
Suppose -2*h + 48 = 2*u, 0 = 5*h - 0*u - 3*u - 120. What is the remainder when 45 is divided by h?
21
Let m = 12 - 12. Suppose 0 = 3*n, m*f = 5*f + 4*n - 110. What is the remainder when f is divided by 6?
4
Suppose 5*v - 41 - 59 = 0. Let n(r) = 6*r - 1. Let a = 2 + 0. Calculate the remainder when v is divided by n(a).
9
Let q(v) = 5*v**2 - 19*v + 10. Let k(l) = 10*l - 4. Let j be k(-4). Let n = j - -69. What is the remainder when n is divided by q(4)?
11
Let u = -8 - -18. What is the remainder when 49 is divided by u?
9
Suppose v - 240 = -4*v. Let r = -32 + v. Suppose 0 = 3*b + h - 0*h - r, -4 = 2*h. What is the remainder when 11 is divided by b?
5
Let s(d) = -d + 4. Suppose 4*n + 16 = 0, -3*g + 31 + 0 = -n. Suppose g*q = i + 4*q - 13, 2*q = -2*i + 2. Calculate the remainder when 2 is divided by s(i).
0
Let b = -36 - -107. What is the remainder when b is divided by 15?
11
Suppose 2*s = -4*i + 36, -2*s = 3*s + i - 63. What is the remainder when 46 is divided by s?
10
Suppose b - 91 = -6*b. Let a(r) = 36*r**2 + 2*r - 1. Calculate the remainder when a(1) is divided by b.
11
Suppose -6 = -2*j + f, 2*f = 2 + 6. Suppose -j*n - 47 = -147. Calculate the remainder when 38 is divided by n.
18
Let x(m) = -2*m + 6. Let g be x(4). Let v be (15/g)/((-6)/(-8)). Calculate the remainder when 186/14 + v/35 is divided by 8.
5
Let n(c) = c**3 - 4*c**2 - 3*c + 3. Suppose 12 = 4*q - 16. What is the remainder when n(5) is divided by 2/((-19)/q + 3)?
6
Let o = -15 + 47. Let r = -18 - -32. Suppose -3 = -u + r. What is the remainder when o is divided by u?
15
What is the remainder when 17 is divided by 188/28 + 4/14?
3
Suppose -3*j = -0*j - 9. Suppose -j*x + 10 = 2*x. Calculate the remainder when 1*-19*x/(-2) is divided by 7.
5
Suppose 3*s = 5*p + 41, 5*s - 3*p + 8 = 87. Calculate the remainder when 50 is divided by s.
16
Let n = -65 - -76. What is the remainder when n is divided by 3?
2
Let q = -3 - -1. Let g(j) = -6*j + 1 - 5*j + 1. What is the remainder when g(q) is divided by 13?
11
Suppose 3*q - x - 26 = 0, 30 = 3*q - 4*x + x. Let k(r) = -11 - 5*r + 3*r**2 + 3*r**2 - 5*r**2. Calculate the remainder when k(q) is divided by 5.
3
Suppose -6 = -2*k + k. Let x be 26/k - 1/3. Suppose 7*v - 93 = x*v. Calculate the remainder when v is divided by 11.
9
Suppose -3*h = 2*a - 15, a - 4*h = -0*a - 9. Let v be (a - 2)/((-2)/4). Let g = 12 - v. What is the remainder when 40 is divided by g?
12
Suppose 2*t - 130 = -y, 269 = 3*y + t - 126. Calculate the remainder when y is divided by 27.
24
Let x(a) = -a**3 + 3*a**2 - a. Let p be x(4). Suppose 3 = j - 5*f, -4*j - 9 = -j + 3*f. What is the remainder when (-528)/p + j/5 is divided by 14?
12
Let s(w) = -w**3 - 3*w**2 - 2*w + 2. Suppose -5*x - 55 = 4*g, 21 = 4*x + 1. What is the remainder when s(-4) is divided by (g/15)/(2/(-21))?
12
Suppose -2*m + 1 = -b - 6*m, -31 = -3*b + 5*m. Calculate the remainder when 19 is divided by b.
5
Let a be (32/10)/((-11)/(-55)). Let t = 21 - a. Calculate the remainder when 17 is divided by t.
2
Let q = 2 - -12. Calculate the remainder when 25 is divided by q.
11
Suppose 0 = 3*y - 5*y + 8. Let a(u) = -11*u**3 - y*u + 3*u - 4*u**3 - 2*u**2. Calculate the remainder when 26 is divided by a(-1).
12
Let i(y) = -y**3 - 4*y**2 - 2*y - 15. What is the remainder when i(-7) is divided by 37?
35
Suppose 4*h = -h + 15. Suppose -56 - 4 = -h*r. Calculate the remainder when r is divided by 11.
9
Suppose 3*i = 32 + 16. Let n = i - 12. Suppose -3*q - 3*r = -30 - 0, 0 = -q + 2*r + 1. What is the remainder when q is divided by n?
3
Suppose 3*b - 22 - 17 = 0. Suppose 3*k - 2*k - 5*g + 113 = 0, -4*k = g + 368. Let i = -56 - k. Calculate the remainder when i is divided by b.
11
Let m be 2 + 2 + 19 + -1. Suppose i = 3*i + 4*y - 42, -m = -2*i + y. Calculate the remainder when 24 is divided by i.
11
Let o(r) = -4*r**2 + 24*r + 17. Let g(j) = j**2 - 6*j - 4. Let c(l) = 9*g(l) + 2*o(l). Let t(h) = 2*h - 7. What is the remainder when c(8) is divided by t(6)?
4
Suppose 4*u - 5*i = 93, -3*i = 2*u - 7*i - 54. What is the remainder when 32 is divided by u?
15
Suppose -4*h + 0*w = -2*w, 0 = 5*h - 3*w + 2. Suppose -h*f - 14 = -4*f. What is the remainder when 90/(-12)*(-8)/3 is divided by f?
6
Suppose 360 = 5*x + 5*b, -4*x - 150 = -6*x - 4*b. What is the remainder when x is divided by 1/(-4) + 194/8?
21
Suppose 4*d - p = -1, p - 8 = -3*d - 0*p. Let i(u) = 4 - 2*u + 15 - 12. Calculate the remainder when i(3) is divided by d.
0
Let c be (2 - 1)/(6/12). Suppose -3*p - c*p = -215. What is the remainder when p is divided by 11?
10
Let i(h) = h - 4. Suppose 5*y + 48 = -27. Let j = -8 - y. What is the remainder when j is divided by i(8)?
3
Let k be (-18)/(-8)*8/(-3). Let f = -8 + k. Let v = f - -20. What is the remainder when 17 is divided by v?
5
Let z(c) = -c**2 + 6*c - 6. Let v be z(4). Let a be -9*v - (-10)/5. What is the remainder when a/(-24) + (-58)/(-3) is divided by 7?
6
Let i = 29 + -13. Suppose p + i = 5*p. Suppose o - 4*o + 2*s + 12 = 0, -15 = -4*o + 3*s. What is the remainder when o is divided by p?
2
Let c = -9 - -19. What is the remainder when 19 is divided by c?
9
Suppose -2*g + 0*g = 0, -g = 2*a - 58. Suppose -21*w + 17*w = -5*d - 57, 0 = -2*w - d + 11. Calculate the remainder when a is divided by w.
5
Let o = -38 - -49. What is the remainder when 42 is divided by o?
9
Let u be 626/6 - (-10)/15. Suppose -4*i = -i - u. Suppose i = 2*h + 3*h. Calculate the remainder when 20 is divided by h.
6
Let g(y) = -y - 4. Let v be g(-3). What is the remainder when 54 is divided by 182/13 + 1 + v?
12
Suppose 4*b = 30 + 170. Suppose -2*i + 200 + b = 0. What is the remainder when i/4 + (-2)/8 is divided by 11?
9
Let b = -16 - -7. Let u(q) = q**3 + 9*q**2 + 13. Calculate the remainder when 25 is divided by u(b).
12
Suppose 2*p - 57 = 9. What is the remainder when p is divided by 12?
9
Let r(h) = h**3 + 7*h**2 - 8*h + 6. Calculate the remainder when 28 is divided by r(-8).
4
What is the remainder when 49 is divided by 3*34/(-18)*-3?
15
Suppose -2*s + 9 = -7. Suppose -4*d - 2*w = -44, -4 = -4*d - 3*w + 40. Let n = d - s. What is the remainder when 5 is divided by n?
2
Let l(o) be the first derivative of -8*o**2 - o + 4. What is the remainder when (-10)/3*(-42)/5 is divided by l(-1)?
13
Let d(i) = -17*i. What is the remainder when d(-1) is divided by 11?
6
Let o(z) = 7*z**2 + z. Calculate the remainder when 22 is divided by o(-1).
4
Let c = 87 - 32. Let v be 175/c - (-4)/(-22). Suppose -4*y + 82 = r, 11 = -y + v*r + 25. Calculate the remainder when 38 is divided by y.
18
Suppose 0 = 16*d - 14*d - 90. Let p = -14 + 37. What is the remainder when d is divided by p?
22
Let n be 1/(-5) - (-11)/5. Suppose -77 = -5*l + 3*w, -2*l + n*w = 3*w - 22. Calculate the remainder when 49 is divided by l.
10
Let q(l) = -l + 7. Let w be q(7). Suppose 2*j + 3*s + 0 - 2 = w, 2*j - 4*s - 16 = 0. What is the remainder when 5 is divided by j?
1
Let o be -18*(10/6 - 2). Let r(g) = g**3 - 6*g**2 - g + 8. What is the remainder when 6 is divided by r(o)?
0
Let r(g) = -g**2 - 7*g + 5. Calculate the remainder when 7 is divided by r(-7).
2
Suppose 18*i - 41 = 17*i. What is the remainder when 79 is divided by i?
38
Suppose s - 2*s = -10. Let n = -6 + s. Suppose -n*z + 5*h = -82, -4*z + 4*h + 26 = -3*z. Calculate the remainder when z is divided by 10.
8
Suppose -8 = -0*o - 2*o. Suppose -2*q - 24 = -o*n, q + 8 = -q. Calculate the remainder when n is divided by 2.
0
Suppose -2*t + 4 = -12. Suppose -4*w + 63 = -w. What is the remainder when w is divided by t?
5
Suppose 5*c + 3*o = 321, 4*c + 3*o = 125 + 133. Calculate the remainder when c is divided by 16.
15
Calculate the remainder when (55/66)/